.
48
Let q = -117 + 0. Let o = 230 + q. Let g(j) = -j**2 + 11*j + 11. Calculate the remainder when o is divided by g(9).
26
Calculate the remainder when 8111 is divided by (-15 - (10 - 23))*(-61)/2.
59
Let w = -317 + 395. Suppose 6*j - 23 = 97. What is the remainder when w is divided by j?
18
Suppose -4*n - 166 = -4*y + 22, 0 = y + 3*n - 71. What is the remainder when 1271 is divided by y?
52
Let t(o) = 153*o - 299. Let v = 14 + -5. Calculate the remainder when v is divided by t(2).
2
Suppose 110 + 84 = 2*q - t, 495 = 5*q - 5*t. Let c = q - 91. Suppose -c*x + 121 = -31. What is the remainder when x is divided by 13?
12
Let g = 134 + -18. What is the remainder when 130 is divided by g?
14
Calculate the remainder when (-27)/(372/(-9)*11/(-66) - 7) is divided by 67.
42
Let t(x) = 52*x - 1016. Calculate the remainder when 671 is divided by t(20).
23
Let l be (-6)/4*(2 - 12). Let x = l - 6. Suppose 5*u = k + 264, -224 + 14 = -4*u + 2*k. Calculate the remainder when u is divided by x.
8
Suppose 5*d + 0 = n - 29, -3*n + 17 = -d. Suppose -t = 5*z - 109 - 196, 5*z + 3*t = 305. Suppose 1 - z = -n*r. What is the remainder when r is divided by 6?
3
Let m(j) = -895*j - 3356. Calculate the remainder when 2024 is divided by m(-6).
10
Let y = -126 + 180. Suppose -1094 = -113*g + 1320 + 72. What is the remainder when y is divided by g?
10
Let n = -19 - -13. Let z = n + 15. Calculate the remainder when z is divided by 7*((-11)/(-11))/1.
2
Let r(o) = 2*o - 9 - 3*o - 2*o. Let p = 71537 + -71475. Calculate the remainder when p is divided by r(-6).
8
Suppose 21 = -2*p + 9*p. Suppose -p + 9 = 2*r. Suppose d - 128 = -r*d. What is the remainder when d is divided by 17?
15
What is the remainder when 2067 is divided by 11/(-1 + 9*(-8)/(-36))?
10
Let f(y) = y**2 - 55*y - 234. What is the remainder when f(62) is divided by 19?
10
Let s(n) = 15*n - 51. Let z(r) = -7*r + 25. Let d(a) = 6*s(a) + 13*z(a). Calculate the remainder when d(0) is divided by ((-2508)/684)/(0 + 1/(-3)).
8
Suppose -11*g + 332 - 200 = 0. Calculate the remainder when 549 is divided by g.
9
Let u be -6 + 5*(-22)/(-10). Suppose -4*t = t - 375. Suppose u*d - t = -10. What is the remainder when 50 is divided by d?
11
Let j = 2229 + -2093. What is the remainder when 2034 is divided by j?
130
Suppose 3*o - 79 = -5*r, -3*r - 22*o + 54 = -18*o. Calculate the remainder when 5074 is divided by r.
6
Let x = -5536 - -5570. Calculate the remainder when x is divided by 33.
1
Suppose 2*j - 170 = -0*j. Suppose 2*t + 26 - 346 = 0. Suppose -7*z + 148 = -t. What is the remainder when j is divided by z?
41
Let h be (-2169)/27 - (21/(-9) + 5). Let q(w) = 13*w**3 - w**2 - 1. Let k be q(2). Let o = k + h. What is the remainder when 63 is divided by o?
15
Let u = 6030 + -5548. What is the remainder when u is divided by 44?
42
Let m(i) = -2*i**2 - 17*i + 12. Let f be m(-9). Suppose -2*j + 1008 = -2*c, f*j - 1512 = 2*c - c. What is the remainder when j is divided by 11?
9
Let b = 144 - 39. Let k = b - 98. Calculate the remainder when 74 is divided by k.
4
What is the remainder when 92 is divided by (-137)/(-14) + (-15)/(-70)?
2
Suppose -2*v + 2 = -8. Suppose 46 = 3*y - v*b, 0*y + 5*b + 90 = 5*y. Let g = y - 18. Calculate the remainder when 13 is divided by g.
1
Let t = 28 + -28. Suppose -25 = -4*h + 3*m + 6, 3*h + 5*m + 13 = t. What is the remainder when 1 - (2/2 - 23) is divided by h?
3
Let z(o) = -o**2 - 7*o - 2. Let c be z(-11). Let q = 79 - 30. What is the remainder when q is divided by 5/3 + c/(-3)?
15
What is the remainder when 93/527 - (-19105)/17 is divided by 16?
4
Suppose 9*d - 120 = 3*d. Calculate the remainder when 79 is divided by ((-30)/d)/(1/(-2)).
1
Suppose 2*y + 34 = -2*r, r + 81 = -10*y + 5*y. What is the remainder when 28*(-6 - 248/y) is divided by 69?
59
Let z(n) = 94*n**2 + 660*n - 1321. Calculate the remainder when z(2) is divided by 49.
32
Let h = 35311 - 35302. Calculate the remainder when (2/(-6))/((-3)/153) is divided by h.
8
Let t(w) = 2*w**3 + 20*w**2 + 11*w - 21. Let x be t(-9). Let s = 39 - x. What is the remainder when 2652/84 - s/7 is divided by 11?
10
Suppose -11*v - 3648 = -57*v - 18*v. What is the remainder when v is divided by (-4 - -1)/((-6)/20)?
7
Let c(w) = w**2 + 11*w + 53. Calculate the remainder when c(-5) is divided by (1 + 1 - -6)/1.
7
Let d(k) = 11*k - 42. Let l be d(10). Suppose f = -5*s + l, 4*f = 4*s + 93 + 251. Let y = 45 + -24. What is the remainder when f is divided by y?
20
Let b be (-7)/(9 - (-265)/(-30)). Let j = 111 + b. What is the remainder when j is divided by 19?
12
Suppose 12*u = 9*u - 132. Let t = u + 59. Calculate the remainder when (-84)/(-8)*(-16)/(-3) is divided by t.
11
Suppose 11*p = -17*p - 6468. Let z = p + 248. What is the remainder when 100 is divided by z?
15
Suppose 3860 = k - 4917. Calculate the remainder when k is divided by 2922.
11
Let b(h) = h**2 - 7*h - 8. Let p be b(8). Suppose p = 2*j - 6*j - 44. Let t = j - -18. What is the remainder when 21 is divided by t?
0
Let b(v) = 1217*v - 4772. Calculate the remainder when 2637 is divided by b(5).
11
Suppose 0 = -20*c + 18*c + 37*c - 1435. What is the remainder when 188 is divided by c?
24
Let b = 593 + -338. Let p = -263390 + 263427. Calculate the remainder when b is divided by p.
33
Let i be (12/(-24))/(231/(-228) - -1). Let n = i + -2. Calculate the remainder when n is divided by 4.
0
Suppose 4*s - 279 = -5*s. Calculate the remainder when -1 - 0 - (12 + -166)*1 is divided by s.
29
Let x(f) = f**3 - 9*f**2 + 5*f + 18. Let v be x(8). Let r be (-83)/(-2) + 1*(-3)/v. Suppose r*k + 36 = 45*k. Calculate the remainder when 70 is divided by k.
10
Let b(k) = -19*k - 1336. Calculate the remainder when 143 is divided by b(-72).
15
Suppose 5*n + 121 = 4*n. Let k = n + 179. Suppose 2*f + k = 4*j, -j + 2*f - 77 = -6*j. Calculate the remainder when j is divided by 6.
3
Let p = 191 - 192. What is the remainder when 312 is divided by p/((-2)/(-21))*-6?
60
Let z = -57 + 30. Let j = -22 - z. Suppose -4*r + 4*f + 276 = 0, 157 = j*r - 3*f - 196. What is the remainder when r is divided by 25?
23
Let j = 5703 + -5678. What is the remainder when 1248 is divided by j?
23
Let l = 14546 - 14090. What is the remainder when l is divided by 43?
26
Let h(a) = a**3 - 18*a**2 - 38*a - 32. Let p be h(20). Suppose p*y + 16 = 9*y + 3*c, -15 = 5*c. What is the remainder when 85 is divided by y?
10
Let t(i) = 7*i**2 - 32*i + 84. What is the remainder when 916 is divided by t(3)?
49
What is the remainder when 6 - (0 + (0 - 6) + (-27 - -1)) is divided by 12?
2
Let s = -11 + 46. Let t be 1*(1 + -1 - 0). Suppose -2*k + 2*v + 2*v + 204 = 0, 4*k - v - 415 = t. What is the remainder when k is divided by s?
34
Suppose -3*h - 18 = -33. Suppose 0*x - 121 = -x + 4*f, 0 = -x - h*f + 94. What is the remainder when x is divided by 14?
11
Suppose -z + 97 = -2*k, -75*k + 73*k - 370 = -4*z. Calculate the remainder when z is divided by 30.
1
Suppose -4*n = -i + 1 + 1, 0 = -2*i - 5*n + 56. Let r be 3/i + (343/(-6))/7. What is the remainder when 53 is divided by 18 + 4 + r + 4?
17
Let b = -11982 + 12181. Calculate the remainder when 730 is divided by b.
133
Let o(g) = g**2 - 4*g + 6. Let x(p) = -3*p**2 + 10*p - 18. Let a(c) = -8*o(c) - 3*x(c). Calculate the remainder when a(-6) is divided by 8.
6
Suppose 148 = 6*w - 494. What is the remainder when 385 is divided by w?
64
Let u(t) = -6*t + 24. Let p be u(5). What is the remainder when 130 is divided by 680/30 + 4/p?
20
Suppose 0 = -w - 0*j + j + 28, -w + 2*j + 27 = 0. Let f(g) = -268 - 214 - 17*g + 412. What is the remainder when w is divided by f(-5)?
14
Suppose -57*x + 53*x = -2*d + 1744, 0 = x - 3*d + 446. Let h = -409 - x. Calculate the remainder when 74 is divided by h.
24
Let s = 30 + -20. Let l = 20968 + -20849. Calculate the remainder when l is divided by s.
9
Suppose -c + 1428 = -2*q, c + 24*q - 1436 = 22*q. What is the remainder when c is divided by 716?
0
Suppose -281*u + 284*u = 2967. Let h = u - 529. Calculate the remainder when h is divided by 33.
31
Let w(x) = 7*x**2 + 49*x + 3. What is the remainder when 145 is divided by w(-7)?
1
Suppose 52682 = 69*w + 37*w. What is the remainder when w is divided by 486?
11
Calculate the remainder when 3167 is divided by -9*29/((-435)/30).
17
Suppose 51*p